{"id":15455,"date":"2023-01-10T17:10:39","date_gmt":"2023-01-10T16:10:39","guid":{"rendered":"http:\/\/localhost:8080\/affaires-sociales\/?page_id=15455"},"modified":"2023-02-24T13:51:55","modified_gmt":"2023-02-24T12:51:55","slug":"bibliographie","status":"publish","type":"page","link":"https:\/\/affaires-sociales.gouv.cg\/site_dev\/bibliographie\/","title":{"rendered":"Bibliographie"},"content":{"rendered":"<section class=\"wpb-content-wrapper\"><p>[vc_row css_animation=\u00a0\u00bb\u00a0\u00bb row_type=\u00a0\u00bbrow\u00a0\u00bb use_row_as_full_screen_section=\u00a0\u00bbno\u00a0\u00bb type=\u00a0\u00bbfull_width\u00a0\u00bb angled_section=\u00a0\u00bbno\u00a0\u00bb text_align=\u00a0\u00bbleft\u00a0\u00bb background_image_as_pattern=\u00a0\u00bbwithout_pattern\u00a0\u00bb css=\u00a0\u00bb.vc_custom_1674145835386{margin-right: 10px !important;margin-left: 10px !important;padding-top: 5px !important;padding-bottom: 5px !important;}\u00a0\u00bb z_index=\u00a0\u00bb\u00a0\u00bb][vc_column]<div class=\"image_with_text\"><img itemprop=\"image\" src=\"https:\/\/affaires-sociales.gouv.cg\/site_dev\/wp-content\/uploads\/2023\/01\/min.jpg\" alt=\"MINISTRE DES AFFAIRES SOCIALES ,DE LA SOLIDARITE ET DE L'ACTION HUMANITAIRE\" \/><h4 style=\"color:#235b1c;\">MINISTRE DES AFFAIRES SOCIALES ,DE LA SOLIDARITE ET DE L'ACTION HUMANITAIRE<\/h4><span style=\"margin: 6px 0px;\" class=\"separator transparent\"><\/span>Madame <strong>Ir\u00e8ne Marie C\u00e9cile MBOUKOU-KIMBATSA<\/strong> n\u00e9e <strong>GOMA, <\/strong>Ministre des Affaires Sociales de la solidarit\u00e9 et de l\u2019Action humanitaire depuis le 15 mai 2021, est Enseignante Chercheuse \u00e0 l\u2019Universit\u00e9 Marien NGOUABI, elle est Congolaise, n\u00e9e en r\u00e9publique du Congo.<\/p>\n<p>&nbsp;<\/p>\n<p>&nbsp;<\/p>\n<p>Avant sa nomination dans le dernier Gouvernement au poste de Ministre des Affaires Sociales et de l\u2019Action Humanitaire, elle \u00e9tait Conseiller du Pr\u00e9sident de la R\u00e9publique, Chef du d\u00e9partement de l\u2019Agriculture, de l\u2019Elevage, de la P\u00eache et du D\u00e9veloppement rural de 2013 \u00e0 2021.<\/p>\n<p>Madame <strong>Ir\u00e8ne Marie C\u00e9cile MBOUKOU-KIMBATSA <\/strong>n\u00e9e<strong> GOMA<\/strong> a \u00e9t\u00e9 Consultante pour le compte de la Banque Mondiale entre 2005 \u00e0 2006 pour la pr\u00e9paration de la lettre de politique agricole qui a conduit \u00e0 l\u2019\u00e9laboration du projet de d\u00e9veloppement agricole et de r\u00e9habilitation des pistes rurales (PDARP). Elle a \u00e9t\u00e9 Responsable de suivi et \u00e9valuation ainsi que de suivi des mesures environnementales et sociales.<\/p>\n<p>&nbsp;<\/p>\n<p>&nbsp;<\/p>\n<p>De 1998 \u00e0 1999 Consultante au Cabinet d\u2019\u00e9tudes \u00ab Environnement Plus \u00bb Claude Alth\u00e9a o\u00f9 elle a r\u00e9alis\u00e9 les \u00e9tudes d\u2019impact environnemental apr\u00e8s exploitation p\u00e9troli\u00e8re dans les gisements onshore pour le compte de la soci\u00e9t\u00e9 ZETHA-CONGO.<\/p>\n<p>&nbsp;<\/p>\n<p><strong>Docteur \u00e8s Sciences option \u00e9cologie g\u00e9n\u00e9rale, <\/strong>sp\u00e9cialiste d\u2019\u00e9cologie des sols (th\u00e8se unique en 1997) de l\u2019Universit\u00e9 Paris 6, Pierre et Marie CURIE Jussieu (France).<\/p>\n<p><strong>Dipl\u00f4m\u00e9e d\u2019Etudes Sup\u00e9rieures Sp\u00e9cialis\u00e9es (DESS)<\/strong> \u00e0 l\u2019Universit\u00e9 Paris 12 Cr\u00e9teil (France), dans la Gestion des Syst\u00e8mes Agro-Sylvo-Pastoraux en zones tropicales.<\/p>\n<p>Madame le Ministre est titulaire d\u2019un <strong>Dipl\u00f4me d\u2019Ing\u00e9nieur Agronome<\/strong> de l\u2019Institut Agronomique de Bulgarie option Agriculture Tropicale et Subtropicale (1984-1990).<\/p>\n<p>Elle est \u00e9galement <strong>Sp\u00e9cialiste du suivi des mesures environnementales et sociales<\/strong> des projets et programmes de d\u00e9veloppement.Sa carri\u00e8re d\u2019enseignante \u00e0 l\u2019universit\u00e9 Marien NGOUABI a d\u00e9but\u00e9 en 2001 \u00e0 l\u2019Institut de D\u00e9veloppement Rural (IDR) actuellement ENSAF o\u00f9 elle a exerc\u00e9 en qualit\u00e9 de d\u2019enseignant vacataire jusqu\u2019en 2007.<\/p>\n<p>&nbsp;<\/p>\n<p>De 2013 \u00e0 ce jour elle est Maitre-Assistant\/CAMES, enseignante chercheuse \u00e0 l\u2019Ecole Nationale Sup\u00e9rieure d\u2019Agronomie et de Foresterie (ENSAF) de l\u2019Universit\u00e9 Marien NGOUABI. Elle dispense des cours dans diverses mati\u00e8res de sa sp\u00e9cialit\u00e9 (p\u00e9dologie g\u00e9n\u00e9rale, \u00e9cologie g\u00e9n\u00e9rale, biologie des sols et am\u00e9nagement des sols).<\/p>\n<p>&nbsp;<\/p>\n<p>Dans le cadre de la recherche, Madame <strong>Ir\u00e8ne Marie C\u00e9cile MBOUKOU-KIMBATSA<\/strong> a \u00e9t\u00e9 de 1996 \u00e0 2006 chercheur associ\u00e9 au Centre de recherche IRD\/DGRST de Pointe-Noire en charge de la gestion de plusieurs projets.<\/p>\n<p>De 1993 \u00e0 1997, elle \u00e9tait Allocataire de recherche au Centre IRD (ex OROSTOM) au Laboratoire d\u2019Ecologie des Sols Tropicaux \u00e0 Bondy (France).<\/p>\n<p>Madame le ministre est \u00e9galement auteure ou co-auteure de nombreuses publications scientifiques. L\u2019essentiel de ses travaux de recherche ont port\u00e9 sur l\u2019Etude des Effets de Divers Types d\u2019Exploitation des Ecosyst\u00e8mes sur le Fonctionnement et la Dynamique des Sols, abord\u00e9e sous l\u2019angle Ecologique dans le but d\u2019une Gestion Durable des Sols.<\/p>\n<p>&nbsp;<\/p>\n<p>Madame le Ministre a particip\u00e9 \u00e0 plusieurs conf\u00e9rences, symposium, salons et ateliers au niveau national et international.Commissaire politique, membre du Bureau politique du Mouvement Action et Renouveau (MAR), formation politique de la majorit\u00e9 pr\u00e9sidentielle actuelle.Elle se distingue aussi dans le mouvement associatif en qualit\u00e9 de pr\u00e9sidente de l\u2019association Dynamique pour le D\u00e9veloppement Socio-\u00e9conomique de la LEKOUMOU (DDSEL) et de l\u2019association <strong>BA DUUH BA MAMA IRENE<\/strong>.<\/p>\n<p>&nbsp;<\/p>\n<p>Femme de culture et ouverte d\u2019esprit, Madame <strong>Ir\u00e8ne Marie C\u00e9cile MBOUKOU-<\/strong><strong>KIMBATSA <\/strong>n\u00e9e<strong> GOMA, <\/strong>est polyglotte s\u2019exprimant couramment en Fran\u00e7ais, Bulgare et langues nationales congolaise. Outre les d\u00e9couvertes \u00e0 travers les voyages, elle aime la musique congolaise, le blues et le Jazz. Madame le Ministre est aussi une passionn\u00e9e du Basket-ball et du Football et adepte de la marche sportive.<\/p>\n<p>&nbsp;<\/p>\n<p>&nbsp;<\/p>\n<p>Madame <strong>Ir\u00e8ne Marie C\u00e9cile MBOUKOU-KIMBATSA<\/strong> n\u00e9e <strong>GOMA <\/strong>est mari\u00e9e et m\u00e8re.Elle titulaire des distinctions honorifiques suivantes :<\/p>\n<p>1<strong>-Officier dans l\u2019ordre du d\u00e9vouement agricole congolais ; <\/strong><\/p>\n<p><strong>2-Officier dans l\u2019ordre du m\u00e9rite Congolais ; <\/strong><\/p>\n<p><strong>3-Commandeur dans l\u2019ordre du m\u00e9rite congolais. <\/strong><\/div>[\/vc_column][\/vc_row]<\/p>\n<\/section>","protected":false},"excerpt":{"rendered":"<p>[vc_row css_animation=\u00a0\u00bb\u00a0\u00bb row_type=\u00a0\u00bbrow\u00a0\u00bb use_row_as_full_screen_section=\u00a0\u00bbno\u00a0\u00bb type=\u00a0\u00bbfull_width\u00a0\u00bb angled_section=\u00a0\u00bbno\u00a0\u00bb text_align=\u00a0\u00bbleft\u00a0\u00bb background_image_as_pattern=\u00a0\u00bbwithout_pattern\u00a0\u00bb css=\u00a0\u00bb.vc_custom_1674145835386{margin-right: 10px !important;margin-left: 10px !important;padding-top: 5px !important;padding-bottom: 5px !important;}\u00a0\u00bb z_index=\u00a0\u00bb\u00a0\u00bb][vc_column][\/vc_column][\/vc_row]<\/p>\n","protected":false},"author":1,"featured_media":0,"parent":0,"menu_order":0,"comment_status":"closed","ping_status":"closed","template":"","meta":[],"yoast_head":"<!-- This site is optimized with the Yoast SEO plugin v20.8 - https:\/\/yoast.com\/wordpress\/plugins\/seo\/ -->\n<title>Bibliographie - affaire-sociales<\/title>\n<meta name=\"robots\" content=\"index, follow, max-snippet:-1, max-image-preview:large, max-video-preview:-1\" \/>\n<link rel=\"canonical\" href=\"https:\/\/affaires-sociales.gouv.cg\/site_dev\/bibliographie\/\" \/>\n<meta property=\"og:locale\" content=\"fr_FR\" \/>\n<meta property=\"og:type\" content=\"article\" \/>\n<meta property=\"og:title\" content=\"Bibliographie - affaire-sociales\" \/>\n<meta property=\"og:description\" content=\"[vc_row css_animation=\u00a0\u00bb\u00a0\u00bb row_type=\u00a0\u00bbrow\u00a0\u00bb use_row_as_full_screen_section=\u00a0\u00bbno\u00a0\u00bb type=\u00a0\u00bbfull_width\u00a0\u00bb angled_section=\u00a0\u00bbno\u00a0\u00bb text_align=\u00a0\u00bbleft\u00a0\u00bb background_image_as_pattern=\u00a0\u00bbwithout_pattern\u00a0\u00bb css=\u00a0\u00bb.vc_custom_1674145835386{margin-right: 10px !important;margin-left: 10px !important;padding-top: 5px !important;padding-bottom: 5px !important;}\u00a0\u00bb z_index=\u00a0\u00bb\u00a0\u00bb][vc_column][\/vc_column][\/vc_row]\" \/>\n<meta property=\"og:url\" content=\"https:\/\/affaires-sociales.gouv.cg\/site_dev\/bibliographie\/\" \/>\n<meta property=\"og:site_name\" content=\"affaire-sociales\" \/>\n<meta property=\"article:publisher\" content=\"https:\/\/www.facebook.com\/people\/Ministre-Des-Affaires-Sociales-Et-De-Laction-Humanitaire\/100064473618465\/\" \/>\n<meta property=\"article:modified_time\" content=\"2023-02-24T12:51:55+00:00\" \/>\n<meta name=\"twitter:card\" content=\"summary_large_image\" \/>\n<meta name=\"twitter:site\" content=\"@aff_sociales_cg\" \/>\n<meta name=\"twitter:label1\" content=\"Dur\u00e9e de lecture estim\u00e9e\" \/>\n\t<meta name=\"twitter:data1\" content=\"4 minutes\" \/>\n<script type=\"application\/ld+json\" class=\"yoast-schema-graph\">{\"@context\":\"https:\/\/schema.org\",\"@graph\":[{\"@type\":\"WebPage\",\"@id\":\"https:\/\/affaires-sociales.gouv.cg\/site_dev\/bibliographie\/\",\"url\":\"https:\/\/affaires-sociales.gouv.cg\/site_dev\/bibliographie\/\",\"name\":\"Bibliographie - affaire-sociales\",\"isPartOf\":{\"@id\":\"https:\/\/affaires-sociales.gouv.cg\/site_dev\/#website\"},\"datePublished\":\"2023-01-10T16:10:39+00:00\",\"dateModified\":\"2023-02-24T12:51:55+00:00\",\"breadcrumb\":{\"@id\":\"https:\/\/affaires-sociales.gouv.cg\/site_dev\/bibliographie\/#breadcrumb\"},\"inLanguage\":\"fr-FR\",\"potentialAction\":[{\"@type\":\"ReadAction\",\"target\":[\"https:\/\/affaires-sociales.gouv.cg\/site_dev\/bibliographie\/\"]}]},{\"@type\":\"BreadcrumbList\",\"@id\":\"https:\/\/affaires-sociales.gouv.cg\/site_dev\/bibliographie\/#breadcrumb\",\"itemListElement\":[{\"@type\":\"ListItem\",\"position\":1,\"name\":\"Accueil\",\"item\":\"https:\/\/affaires-sociales.gouv.cg\/site_dev\/\"},{\"@type\":\"ListItem\",\"position\":2,\"name\":\"Bibliographie\"}]},{\"@type\":\"WebSite\",\"@id\":\"https:\/\/affaires-sociales.gouv.cg\/site_dev\/#website\",\"url\":\"https:\/\/affaires-sociales.gouv.cg\/site_dev\/\",\"name\":\"affaires-sociales\",\"description\":\"Un site utilisant WordPress\",\"publisher\":{\"@id\":\"https:\/\/affaires-sociales.gouv.cg\/site_dev\/#organization\"},\"potentialAction\":[{\"@type\":\"SearchAction\",\"target\":{\"@type\":\"EntryPoint\",\"urlTemplate\":\"https:\/\/affaires-sociales.gouv.cg\/site_dev\/?s={search_term_string}\"},\"query-input\":\"required name=search_term_string\"}],\"inLanguage\":\"fr-FR\"},{\"@type\":\"Organization\",\"@id\":\"https:\/\/affaires-sociales.gouv.cg\/site_dev\/#organization\",\"name\":\"minist\u00e8re des affaires-sociales, de la solidarit\u00e9 et de l'Action Humanitaire\",\"url\":\"https:\/\/affaires-sociales.gouv.cg\/site_dev\/\",\"logo\":{\"@type\":\"ImageObject\",\"inLanguage\":\"fr-FR\",\"@id\":\"https:\/\/affaires-sociales.gouv.cg\/site_dev\/#\/schema\/logo\/image\/\",\"url\":\"https:\/\/affaires-sociales.gouv.cg\/wp-content\/uploads\/2023\/01\/logogros.jpg\",\"contentUrl\":\"https:\/\/affaires-sociales.gouv.cg\/wp-content\/uploads\/2023\/01\/logogros.jpg\",\"width\":1376,\"height\":502,\"caption\":\"minist\u00e8re des affaires-sociales, de la solidarit\u00e9 et de l'Action Humanitaire\"},\"image\":{\"@id\":\"https:\/\/affaires-sociales.gouv.cg\/site_dev\/#\/schema\/logo\/image\/\"},\"sameAs\":[\"https:\/\/www.facebook.com\/people\/Ministre-Des-Affaires-Sociales-Et-De-Laction-Humanitaire\/100064473618465\/\",\"https:\/\/twitter.com\/aff_sociales_cg\"]}]}<\/script>\n<!-- \/ Yoast SEO plugin. -->","yoast_head_json":{"title":"Bibliographie - affaire-sociales","robots":{"index":"index","follow":"follow","max-snippet":"max-snippet:-1","max-image-preview":"max-image-preview:large","max-video-preview":"max-video-preview:-1"},"canonical":"https:\/\/affaires-sociales.gouv.cg\/site_dev\/bibliographie\/","og_locale":"fr_FR","og_type":"article","og_title":"Bibliographie - affaire-sociales","og_description":"[vc_row css_animation=\u00a0\u00bb\u00a0\u00bb row_type=\u00a0\u00bbrow\u00a0\u00bb use_row_as_full_screen_section=\u00a0\u00bbno\u00a0\u00bb type=\u00a0\u00bbfull_width\u00a0\u00bb angled_section=\u00a0\u00bbno\u00a0\u00bb text_align=\u00a0\u00bbleft\u00a0\u00bb background_image_as_pattern=\u00a0\u00bbwithout_pattern\u00a0\u00bb css=\u00a0\u00bb.vc_custom_1674145835386{margin-right: 10px !important;margin-left: 10px !important;padding-top: 5px !important;padding-bottom: 5px !important;}\u00a0\u00bb z_index=\u00a0\u00bb\u00a0\u00bb][vc_column][\/vc_column][\/vc_row]","og_url":"https:\/\/affaires-sociales.gouv.cg\/site_dev\/bibliographie\/","og_site_name":"affaire-sociales","article_publisher":"https:\/\/www.facebook.com\/people\/Ministre-Des-Affaires-Sociales-Et-De-Laction-Humanitaire\/100064473618465\/","article_modified_time":"2023-02-24T12:51:55+00:00","twitter_card":"summary_large_image","twitter_site":"@aff_sociales_cg","twitter_misc":{"Dur\u00e9e de lecture estim\u00e9e":"4 minutes"},"schema":{"@context":"https:\/\/schema.org","@graph":[{"@type":"WebPage","@id":"https:\/\/affaires-sociales.gouv.cg\/site_dev\/bibliographie\/","url":"https:\/\/affaires-sociales.gouv.cg\/site_dev\/bibliographie\/","name":"Bibliographie - affaire-sociales","isPartOf":{"@id":"https:\/\/affaires-sociales.gouv.cg\/site_dev\/#website"},"datePublished":"2023-01-10T16:10:39+00:00","dateModified":"2023-02-24T12:51:55+00:00","breadcrumb":{"@id":"https:\/\/affaires-sociales.gouv.cg\/site_dev\/bibliographie\/#breadcrumb"},"inLanguage":"fr-FR","potentialAction":[{"@type":"ReadAction","target":["https:\/\/affaires-sociales.gouv.cg\/site_dev\/bibliographie\/"]}]},{"@type":"BreadcrumbList","@id":"https:\/\/affaires-sociales.gouv.cg\/site_dev\/bibliographie\/#breadcrumb","itemListElement":[{"@type":"ListItem","position":1,"name":"Accueil","item":"https:\/\/affaires-sociales.gouv.cg\/site_dev\/"},{"@type":"ListItem","position":2,"name":"Bibliographie"}]},{"@type":"WebSite","@id":"https:\/\/affaires-sociales.gouv.cg\/site_dev\/#website","url":"https:\/\/affaires-sociales.gouv.cg\/site_dev\/","name":"affaires-sociales","description":"Un site utilisant WordPress","publisher":{"@id":"https:\/\/affaires-sociales.gouv.cg\/site_dev\/#organization"},"potentialAction":[{"@type":"SearchAction","target":{"@type":"EntryPoint","urlTemplate":"https:\/\/affaires-sociales.gouv.cg\/site_dev\/?s={search_term_string}"},"query-input":"required name=search_term_string"}],"inLanguage":"fr-FR"},{"@type":"Organization","@id":"https:\/\/affaires-sociales.gouv.cg\/site_dev\/#organization","name":"minist\u00e8re des affaires-sociales, de la solidarit\u00e9 et de l'Action Humanitaire","url":"https:\/\/affaires-sociales.gouv.cg\/site_dev\/","logo":{"@type":"ImageObject","inLanguage":"fr-FR","@id":"https:\/\/affaires-sociales.gouv.cg\/site_dev\/#\/schema\/logo\/image\/","url":"https:\/\/affaires-sociales.gouv.cg\/wp-content\/uploads\/2023\/01\/logogros.jpg","contentUrl":"https:\/\/affaires-sociales.gouv.cg\/wp-content\/uploads\/2023\/01\/logogros.jpg","width":1376,"height":502,"caption":"minist\u00e8re des affaires-sociales, de la solidarit\u00e9 et de l'Action Humanitaire"},"image":{"@id":"https:\/\/affaires-sociales.gouv.cg\/site_dev\/#\/schema\/logo\/image\/"},"sameAs":["https:\/\/www.facebook.com\/people\/Ministre-Des-Affaires-Sociales-Et-De-Laction-Humanitaire\/100064473618465\/","https:\/\/twitter.com\/aff_sociales_cg"]}]}},"rttpg_featured_image_url":null,"rttpg_author":{"display_name":"admin_sociales","author_link":"https:\/\/affaires-sociales.gouv.cg\/site_dev\/author\/admin_sociales\/"},"rttpg_comment":0,"rttpg_category":null,"rttpg_excerpt":"[vc_row css_animation=\u00a0\u00bb\u00a0\u00bb row_type=\u00a0\u00bbrow\u00a0\u00bb use_row_as_full_screen_section=\u00a0\u00bbno\u00a0\u00bb type=\u00a0\u00bbfull_width\u00a0\u00bb angled_section=\u00a0\u00bbno\u00a0\u00bb text_align=\u00a0\u00bbleft\u00a0\u00bb background_image_as_pattern=\u00a0\u00bbwithout_pattern\u00a0\u00bb css=\u00a0\u00bb.vc_custom_1674145835386{margin-right: 10px !important;margin-left: 10px !important;padding-top: 5px !important;padding-bottom: 5px !important;}\u00a0\u00bb z_index=\u00a0\u00bb\u00a0\u00bb][vc_column][\/vc_column][\/vc_row]","_links":{"self":[{"href":"https:\/\/affaires-sociales.gouv.cg\/site_dev\/wp-json\/wp\/v2\/pages\/15455"}],"collection":[{"href":"https:\/\/affaires-sociales.gouv.cg\/site_dev\/wp-json\/wp\/v2\/pages"}],"about":[{"href":"https:\/\/affaires-sociales.gouv.cg\/site_dev\/wp-json\/wp\/v2\/types\/page"}],"author":[{"embeddable":true,"href":"https:\/\/affaires-sociales.gouv.cg\/site_dev\/wp-json\/wp\/v2\/users\/1"}],"replies":[{"embeddable":true,"href":"https:\/\/affaires-sociales.gouv.cg\/site_dev\/wp-json\/wp\/v2\/comments?post=15455"}],"version-history":[{"count":23,"href":"https:\/\/affaires-sociales.gouv.cg\/site_dev\/wp-json\/wp\/v2\/pages\/15455\/revisions"}],"predecessor-version":[{"id":16768,"href":"https:\/\/affaires-sociales.gouv.cg\/site_dev\/wp-json\/wp\/v2\/pages\/15455\/revisions\/16768"}],"wp:attachment":[{"href":"https:\/\/affaires-sociales.gouv.cg\/site_dev\/wp-json\/wp\/v2\/media?parent=15455"}],"curies":[{"name":"wp","href":"https:\/\/api.w.org\/{rel}","templated":true}]}}